{"id":121,"date":"2014-03-01T05:01:21","date_gmt":"2014-03-01T05:01:21","guid":{"rendered":"http:\/\/demo.themegrill.com\/radiate\/?page_id=121"},"modified":"2025-05-20T14:31:39","modified_gmt":"2025-05-20T14:31:39","slug":"wordpress-slideshow-gallery","status":"publish","type":"page","link":"https:\/\/imanzentrum.de\/?page_id=121","title":{"rendered":"Ehrenb\u00fcrgerin Frau Alwan und Vorstandsmitglied"},"content":{"rendered":"\n<figure class=\"wp-block-image size-large\"><img loading=\"lazy\" decoding=\"async\" width=\"1024\" height=\"1005\" src=\"https:\/\/imanzentrum.de\/wp-content\/uploads\/2025\/05\/IMG_9966-1024x1005.jpg\" alt=\"\" class=\"wp-image-437\" srcset=\"https:\/\/imanzentrum.de\/wp-content\/uploads\/2025\/05\/IMG_9966-1024x1005.jpg 1024w, https:\/\/imanzentrum.de\/wp-content\/uploads\/2025\/05\/IMG_9966-300x294.jpg 300w, https:\/\/imanzentrum.de\/wp-content\/uploads\/2025\/05\/IMG_9966-768x754.jpg 768w, https:\/\/imanzentrum.de\/wp-content\/uploads\/2025\/05\/IMG_9966-1536x1507.jpg 1536w, https:\/\/imanzentrum.de\/wp-content\/uploads\/2025\/05\/IMG_9966.jpg 1600w\" sizes=\"auto, (max-width: 1024px) 100vw, 1024px\" \/><\/figure>\n\n\n\n<p>Frau Alwan angagiert sich seit Jahren f\u00fcr Waisenkinder und Kinder in Not. Hierzu wurde Sie vom B\u00fcrgermeister in Darmstadt am 30.04.2019 als Ehrenb\u00fcrgerin ausgezeichnet.<\/p>\n\n\n\n<figure class=\"wp-block-image size-full\"><img loading=\"lazy\" decoding=\"async\" width=\"293\" height=\"266\" src=\"https:\/\/imanzentrum.de\/wp-content\/uploads\/2025\/05\/IMG_9967.jpg\" alt=\"\" class=\"wp-image-438\"\/><\/figure>\n\n\n\n<figure class=\"wp-block-image size-large\"><img loading=\"lazy\" decoding=\"async\" width=\"753\" height=\"1024\" src=\"https:\/\/imanzentrum.de\/wp-content\/uploads\/2025\/05\/658a070c-d056-4c8d-9341-854e5c2ac309-753x1024.jpg\" alt=\"\" class=\"wp-image-427\" srcset=\"https:\/\/imanzentrum.de\/wp-content\/uploads\/2025\/05\/658a070c-d056-4c8d-9341-854e5c2ac309-753x1024.jpg 753w, https:\/\/imanzentrum.de\/wp-content\/uploads\/2025\/05\/658a070c-d056-4c8d-9341-854e5c2ac309-220x300.jpg 220w, https:\/\/imanzentrum.de\/wp-content\/uploads\/2025\/05\/658a070c-d056-4c8d-9341-854e5c2ac309-768x1045.jpg 768w, https:\/\/imanzentrum.de\/wp-content\/uploads\/2025\/05\/658a070c-d056-4c8d-9341-854e5c2ac309.jpg 829w\" sizes=\"auto, (max-width: 753px) 100vw, 753px\" \/><\/figure>\n\n\n\n<figure class=\"wp-block-image size-full\"><img loading=\"lazy\" decoding=\"async\" width=\"753\" height=\"1024\" src=\"https:\/\/imanzentrum.de\/wp-content\/uploads\/2025\/05\/RYXB1848.jpg\" alt=\"\" class=\"wp-image-434\" srcset=\"https:\/\/imanzentrum.de\/wp-content\/uploads\/2025\/05\/RYXB1848.jpg 753w, https:\/\/imanzentrum.de\/wp-content\/uploads\/2025\/05\/RYXB1848-221x300.jpg 221w\" sizes=\"auto, (max-width: 753px) 100vw, 753px\" \/><\/figure>\n\n\n\n<p><\/p>\n\n\n\n<figure class=\"wp-block-image size-large\"><img loading=\"lazy\" decoding=\"async\" width=\"1024\" height=\"768\" src=\"https:\/\/imanzentrum.de\/wp-content\/uploads\/2025\/05\/IMG_0745-1024x768.jpg\" alt=\"\" class=\"wp-image-447\" srcset=\"https:\/\/imanzentrum.de\/wp-content\/uploads\/2025\/05\/IMG_0745-1024x768.jpg 1024w, https:\/\/imanzentrum.de\/wp-content\/uploads\/2025\/05\/IMG_0745-300x225.jpg 300w, https:\/\/imanzentrum.de\/wp-content\/uploads\/2025\/05\/IMG_0745-768x576.jpg 768w, https:\/\/imanzentrum.de\/wp-content\/uploads\/2025\/05\/IMG_0745-1536x1152.jpg 1536w, https:\/\/imanzentrum.de\/wp-content\/uploads\/2025\/05\/IMG_0745-2048x1536.jpg 2048w\" sizes=\"auto, (max-width: 1024px) 100vw, 1024px\" \/><\/figure>\n","protected":false},"excerpt":{"rendered":"<p>Frau Alwan angagiert sich seit Jahren f\u00fcr Waisenkinder und Kinder in Not. Hierzu wurde Sie vom B\u00fcrgermeister in Darmstadt am 30.04.2019 als Ehrenb\u00fcrgerin ausgezeichnet.<\/p>\n","protected":false},"author":1,"featured_media":0,"parent":87,"menu_order":0,"comment_status":"closed","ping_status":"open","template":"","meta":{"footnotes":""},"class_list":["post-121","page","type-page","status-publish","hentry"],"_links":{"self":[{"href":"https:\/\/imanzentrum.de\/index.php?rest_route=\/wp\/v2\/pages\/121","targetHints":{"allow":["GET"]}}],"collection":[{"href":"https:\/\/imanzentrum.de\/index.php?rest_route=\/wp\/v2\/pages"}],"about":[{"href":"https:\/\/imanzentrum.de\/index.php?rest_route=\/wp\/v2\/types\/page"}],"author":[{"embeddable":true,"href":"https:\/\/imanzentrum.de\/index.php?rest_route=\/wp\/v2\/users\/1"}],"replies":[{"embeddable":true,"href":"https:\/\/imanzentrum.de\/index.php?rest_route=%2Fwp%2Fv2%2Fcomments&post=121"}],"version-history":[{"count":6,"href":"https:\/\/imanzentrum.de\/index.php?rest_route=\/wp\/v2\/pages\/121\/revisions"}],"predecessor-version":[{"id":449,"href":"https:\/\/imanzentrum.de\/index.php?rest_route=\/wp\/v2\/pages\/121\/revisions\/449"}],"up":[{"embeddable":true,"href":"https:\/\/imanzentrum.de\/index.php?rest_route=\/wp\/v2\/pages\/87"}],"wp:attachment":[{"href":"https:\/\/imanzentrum.de\/index.php?rest_route=%2Fwp%2Fv2%2Fmedia&parent=121"}],"curies":[{"name":"wp","href":"https:\/\/api.w.org\/{rel}","templated":true}]}}